{"id":1478,"date":"2024-09-19T14:34:11","date_gmt":"2024-09-19T13:34:11","guid":{"rendered":"https:\/\/lefournilogement.fr\/?page_id=1478"},"modified":"2024-10-07T12:46:34","modified_gmt":"2024-10-07T11:46:34","slug":"mentions-legales","status":"publish","type":"page","link":"http:\/\/lefournilogement.fr\/?page_id=1478","title":{"rendered":"Mentions l\u00e9gales"},"content":{"rendered":"\n<h1 class=\"wp-block-heading\">mentions l\u00e9gales &amp; politique de confidentialit\u00e9<\/h1>\n\n\n\n<p>MENTIONS L\u00c9GALES :<\/p>\n\n\n\n<p><strong>Information g\u00e9n\u00e9rale :<\/strong><br><strong>Raison sociale :<\/strong> SAS&nbsp;MC IMMOBILIER<br><strong>Adresse Si\u00e8ge social :<\/strong>&nbsp;<em>12 AVENUE DE BAD KREUZNACH<\/em><br><em>01000 BOURG-EN-BRESSE<\/em><br><strong>Capital social :<\/strong>&nbsp;100 \u20ac<br><strong>N\u00b0 de t\u00e9l\u00e9phone :<\/strong>&nbsp;<strong>06 21 29 34 66<\/strong><br><strong>Adresse mail :<\/strong>&nbsp;<a href=\"mailto:chambre.etudiant01@orange.fr\"><strong>chambre.etudiant01@orange.fr<\/strong><\/a><\/p>\n\n\n\n<p><strong>N\u00b0 SIRET :<\/strong> 85360333000012<br><strong>Num\u00e9ro RCS :<\/strong>\u00a0Bourg-En-Bresse 853 603 330 000 12<br><strong>Nom du directeur de la publication :<\/strong> Christian Goyet<\/p>\n\n\n\n<p>Nom de domaine :<br>https:\/\/lefournilogement.fr\/<\/p>\n\n\n\n<p><strong>Propri\u00e9t\u00e9 intellectuelle :<\/strong><br>Le site est la propri\u00e9t\u00e9 de la SAS MC IMMOBILIER, \u00e0 l\u2019exception des contenus appartenant \u00e0 d\u2019autres soci\u00e9t\u00e9s partenaires ou auteurs. La structure g\u00e9n\u00e9rale, les \u00e9l\u00e9ments graphiques et, plus g\u00e9n\u00e9ralement, le contenu de ce site est prot\u00e9g\u00e9 par le droit d\u2019auteur, le droit des dessins et mod\u00e8les et le droit des marques. Toute personne qui t\u00e9l\u00e9charge ou recueille des informations diffus\u00e9es sur le site ne dispose sur celles-ci que d\u2019un droit d\u2019usage priv\u00e9, personnel et non transmissible. La reproduction d\u2019\u00e9l\u00e9ment du site et possible sous r\u00e9serve qu\u2019elles soient strictement r\u00e9serv\u00e9es \u00e0 un usage personnel excluant tout usage \u00e0 des fins publicitaires et\/ou commerciales, et\/ou d\u2019information et\/ou qu\u2019elles soient conformes aux dispositions de l\u2019article L.122-5 du Code de la Propri\u00e9t\u00e9 Intellectuelle. Les textes, photographie, vid\u00e9o, logo, icon ainsi que toutes \u0153uvres int\u00e9gr\u00e9es dans le site sont la propri\u00e9t\u00e9 de la SAS MC IMMOBILIER ou de tiers ayant autoris\u00e9 la SAS MC IMMOBILIER \u00e0 les utiliser. Toute repr\u00e9sentation, reproduction sur quelque support que ce soit, en partie ou en totalit\u00e9, d\u2019une page ou du site de la SAS MC IMMOBILIER, dans un cadre ext\u00e9rieur \u00e0 la SAS MC IMMOBILIER est interdite sans l\u2019accord de la SAS MC IMMOBILIER et constituerait selon les articles L. 335-2 du Code de la Propri\u00e9t\u00e9 Intellectuelle une contrefa\u00e7on engageant la responsabilit\u00e9 civile ou p\u00e9nale de l\u2019auteur de la contrefa\u00e7on.<\/p>\n\n\n\n<p><strong>H\u00e9bergeur :<\/strong> <br><strong>Nom de l\u2019h\u00e9bergeur :<\/strong> OVH Cloud<br><strong>Adresse de l\u2019h\u00e9bergeur :<\/strong>&nbsp;SAS OVHcloud, 2 rue Kellermann &#8211; 59100 Roubaix &#8211; France<br><strong>Contact :<\/strong>&nbsp;<a href=\"https:\/\/help.ovhcloud.com\/\">https:\/\/help.ovhcloud.com\/<\/a><\/p>\n\n\n\n<p>Droit d\u2019acc\u00e8s : Conform\u00e9ment \u00e0 la \u201cloi Informatique et Libert\u00e9s\u201d, vous disposez d\u2019un droit individuel d\u2019acc\u00e8s aux informations vous concernant et de rectification concernant de ces derni\u00e8res. Vous pouvez acc\u00e9der \u00e0 ces informations par simple courrier, et nous demander de les modifier, en vous adressant \u00e0 : <a href=\"mailto:chambre.etudiant01@orange.fr\"><strong>chambre.etudiant01@orange.fr<\/strong><\/a><\/p>\n\n\n\n<p><strong>CHARTE DE CONFIDENTIALIT\u00c9<\/strong><\/p>\n\n\n\n<p>MC IMMOBILIER s\u2019engage \u00e0 prot\u00e9ger vos informations personnelles et votre vie priv\u00e9e. Les informations personnelles sont des donn\u00e9es associ\u00e9es \u00e0 un individu identifi\u00e9 ou identifiable. La pr\u00e9sente Politique de confidentialit\u00e9 d\u00e9crit le type d\u2019informations personnelles que nous recueillons ou recevons, la fa\u00e7on dont nous utilisons, partageons et prot\u00e9geons vos informations personnelles, la fa\u00e7on dont nous utilisons les cookies et les technologies similaires ainsi que vos droits et vos options. Si vous avez des questions concernant la Politique de confidentialit\u00e9, veuillez consulter les informations de contact au bas de cette page.<\/p>\n\n\n\n<p>Vos informations personnelles sont recueillies lors des traitements suivants :<\/p>\n\n\n\n<ul class=\"wp-block-list\">\n<li>En validant le formulaire de contact du site<\/li>\n\n\n\n<li>En naviguant sur le site<\/li>\n<\/ul>\n\n\n\n<p>Nous recueillions les donn\u00e9es personnelles suivantes vous concernant :<\/p>\n\n\n\n<ul class=\"wp-block-list\">\n<li>Nom<\/li>\n\n\n\n<li>Email<\/li>\n\n\n\n<li>T\u00e9l\u00e9phone<\/li>\n\n\n\n<li>Adresse IP<\/li>\n<\/ul>\n\n\n\n<p>Les informations personnelles recueillies sur ce site sont utilis\u00e9es pour les cas suivants :<\/p>\n\n\n\n<ul class=\"wp-block-list\">\n<li>Vous recontactez dans le cadre d\u2019une demande de contact<\/li>\n\n\n\n<li>Conna\u00eetre les pr\u00e9f\u00e9rences de navigation des utilisateurs sur le site, via Google Analytics<\/li>\n<\/ul>\n\n\n\n<p>Qui a acc\u00e8s \u00e0 vos donn\u00e9es personnelles ?<\/p>\n\n\n\n<p>Seuls les employ\u00e9s de la SAS MC IMMOBILIER ont acc\u00e8s aux donn\u00e9es personnelles pr\u00e9sentes sur le site afin de pouvoir effectuer leurs missions.<\/p>\n\n\n\n<p>Cependant, la  SASMC IMMOBILIER peut \u00eatre amen\u00e9, dans certains cas, \u00e0 devoir transmettre certaines de vos donn\u00e9es \u00e0 des sous-traitants pour la r\u00e9alisation de certaines t\u00e2ches.<\/p>\n\n\n\n<p>O\u00f9 sont stock\u00e9es vos donn\u00e9es personnelles ?<\/p>\n\n\n\n<p>Vos donn\u00e9es sont stock\u00e9es dans une base de donn\u00e9es, prot\u00e9g\u00e9e par mot de passe, h\u00e9berg\u00e9e en France par la SAS MC IMMOBILIER.<\/p>\n\n\n\n<p>Suppression de vos donn\u00e9es personnelles<\/p>\n\n\n\n<p>Conform\u00e9ment \u00e0 la loi 78-17 \u00ab&nbsp;Informatique et Libert\u00e9s&nbsp;\u00bb du 6 janvier 1978, et plus pr\u00e9cis\u00e9ment aux articles 38 et suivants, vous disposez, en tant qu\u2019utilisateur, d\u2019un droit d\u2019acc\u00e8s, de rectification, et suppression et d\u2019opposition aux donn\u00e9es personnelles vous concernant.<\/p>\n\n\n\n<p>Pour toute demande concernant vos donn\u00e9es personnelles, vous pouvez nous contacter par courrier postal \u00e0 l\u2019adresse : <strong>12 avenue de Bad Kreuznach \u2013 01000 Bourg-en-Bresse<\/strong><\/p>\n\n\n\n<p>Vous avez \u00e9galement la possibilit\u00e9 de d\u00e9poser une r\u00e9clamation aupr\u00e8s de la&nbsp;<a href=\"https:\/\/www.cnil.fr\/\" target=\"_blank\" rel=\"noreferrer noopener\">CNIL<\/a>&nbsp;si&nbsp;vous estimez que le traitement que nous faisons de vos donn\u00e9es personnelles n\u2019est pas conforme aux exigences en la mati\u00e8re.<\/p>\n","protected":false},"excerpt":{"rendered":"<p>mentions l\u00e9gales &amp; politique de confidentialit\u00e9 MENTIONS L\u00c9GALES : Information g\u00e9n\u00e9rale :Raison sociale : SAS&nbsp;MC IMMOBILIERAdresse Si\u00e8ge social :&nbsp;12 AVENUE DE BAD KREUZNACH01000 BOURG-EN-BRESSECapital social :&nbsp;100 \u20acN\u00b0 de t\u00e9l\u00e9phone :&nbsp;06 21 29 34 66Adresse mail :&nbsp;chambre.etudiant01@orange.fr N\u00b0 SIRET : 85360333000012Num\u00e9ro RCS :\u00a0Bourg-En-Bresse 853 603 330 000 12Nom du directeur de\u2026<\/p>\n<p> <a class=\"continue-reading-link\" href=\"http:\/\/lefournilogement.fr\/?page_id=1478\"><span>Continue reading<\/span><i class=\"crycon-right-dir\"><\/i><\/a> <\/p>\n","protected":false},"author":1,"featured_media":0,"parent":0,"menu_order":0,"comment_status":"closed","ping_status":"closed","template":"","meta":{"_exactmetrics_skip_tracking":false,"_exactmetrics_sitenote_active":false,"_exactmetrics_sitenote_note":"","_exactmetrics_sitenote_category":0,"ngg_post_thumbnail":0,"footnotes":""},"class_list":["post-1478","page","type-page","status-publish","hentry"],"yoast_head":"<!-- This site is optimized with the Yoast SEO plugin v27.4 - https:\/\/yoast.com\/product\/yoast-seo-wordpress\/ -->\n<title>Mentions l\u00e9gales - Lefournilogement<\/title>\n<meta name=\"robots\" content=\"index, follow, max-snippet:-1, max-image-preview:large, max-video-preview:-1\" \/>\n<link rel=\"canonical\" href=\"http:\/\/lefournilogement.fr\/?page_id=1478\" \/>\n<meta property=\"og:locale\" content=\"fr_FR\" \/>\n<meta property=\"og:type\" content=\"article\" \/>\n<meta property=\"og:title\" content=\"Mentions l\u00e9gales - Lefournilogement\" \/>\n<meta property=\"og:description\" content=\"mentions l\u00e9gales &amp; politique de confidentialit\u00e9 MENTIONS L\u00c9GALES : Information g\u00e9n\u00e9rale :Raison sociale : SAS&nbsp;MC IMMOBILIERAdresse Si\u00e8ge social :&nbsp;12 AVENUE DE BAD KREUZNACH01000 BOURG-EN-BRESSECapital social :&nbsp;100 \u20acN\u00b0 de t\u00e9l\u00e9phone :&nbsp;06 21 29 34 66Adresse mail :&nbsp;chambre.etudiant01@orange.fr N\u00b0 SIRET : 85360333000012Num\u00e9ro RCS :\u00a0Bourg-En-Bresse 853 603 330 000 12Nom du directeur de\u2026 Continue reading\" \/>\n<meta property=\"og:url\" content=\"http:\/\/lefournilogement.fr\/?page_id=1478\" \/>\n<meta property=\"og:site_name\" content=\"Lefournilogement\" \/>\n<meta property=\"article:modified_time\" content=\"2024-10-07T11:46:34+00:00\" \/>\n<meta name=\"twitter:card\" content=\"summary_large_image\" \/>\n<meta name=\"twitter:label1\" content=\"Dur\u00e9e de lecture estim\u00e9e\" \/>\n\t<meta name=\"twitter:data1\" content=\"4 minutes\" \/>\n<script type=\"application\/ld+json\" class=\"yoast-schema-graph\">{\"@context\":\"https:\\\/\\\/schema.org\",\"@graph\":[{\"@type\":\"WebPage\",\"@id\":\"http:\\\/\\\/lefournilogement.fr\\\/?page_id=1478\",\"url\":\"http:\\\/\\\/lefournilogement.fr\\\/?page_id=1478\",\"name\":\"Mentions l\u00e9gales - Lefournilogement\",\"isPartOf\":{\"@id\":\"http:\\\/\\\/lefournilogement.fr\\\/#website\"},\"datePublished\":\"2024-09-19T13:34:11+00:00\",\"dateModified\":\"2024-10-07T11:46:34+00:00\",\"breadcrumb\":{\"@id\":\"http:\\\/\\\/lefournilogement.fr\\\/?page_id=1478#breadcrumb\"},\"inLanguage\":\"fr-FR\",\"potentialAction\":[{\"@type\":\"ReadAction\",\"target\":[\"http:\\\/\\\/lefournilogement.fr\\\/?page_id=1478\"]}]},{\"@type\":\"BreadcrumbList\",\"@id\":\"http:\\\/\\\/lefournilogement.fr\\\/?page_id=1478#breadcrumb\",\"itemListElement\":[{\"@type\":\"ListItem\",\"position\":1,\"name\":\"Accueil\",\"item\":\"http:\\\/\\\/lefournilogement.fr\\\/\"},{\"@type\":\"ListItem\",\"position\":2,\"name\":\"Mentions l\u00e9gales\"}]},{\"@type\":\"WebSite\",\"@id\":\"http:\\\/\\\/lefournilogement.fr\\\/#website\",\"url\":\"http:\\\/\\\/lefournilogement.fr\\\/\",\"name\":\"Lefournilogement\",\"description\":\"logement \u00e9tudiant \u00e0 Bourg-en-Bresse\",\"potentialAction\":[{\"@type\":\"SearchAction\",\"target\":{\"@type\":\"EntryPoint\",\"urlTemplate\":\"http:\\\/\\\/lefournilogement.fr\\\/?s={search_term_string}\"},\"query-input\":{\"@type\":\"PropertyValueSpecification\",\"valueRequired\":true,\"valueName\":\"search_term_string\"}}],\"inLanguage\":\"fr-FR\"}]}<\/script>\n<!-- \/ Yoast SEO plugin. -->","yoast_head_json":{"title":"Mentions l\u00e9gales - Lefournilogement","robots":{"index":"index","follow":"follow","max-snippet":"max-snippet:-1","max-image-preview":"max-image-preview:large","max-video-preview":"max-video-preview:-1"},"canonical":"http:\/\/lefournilogement.fr\/?page_id=1478","og_locale":"fr_FR","og_type":"article","og_title":"Mentions l\u00e9gales - Lefournilogement","og_description":"mentions l\u00e9gales &amp; politique de confidentialit\u00e9 MENTIONS L\u00c9GALES : Information g\u00e9n\u00e9rale :Raison sociale : SAS&nbsp;MC IMMOBILIERAdresse Si\u00e8ge social :&nbsp;12 AVENUE DE BAD KREUZNACH01000 BOURG-EN-BRESSECapital social :&nbsp;100 \u20acN\u00b0 de t\u00e9l\u00e9phone :&nbsp;06 21 29 34 66Adresse mail :&nbsp;chambre.etudiant01@orange.fr N\u00b0 SIRET : 85360333000012Num\u00e9ro RCS :\u00a0Bourg-En-Bresse 853 603 330 000 12Nom du directeur de\u2026 Continue reading","og_url":"http:\/\/lefournilogement.fr\/?page_id=1478","og_site_name":"Lefournilogement","article_modified_time":"2024-10-07T11:46:34+00:00","twitter_card":"summary_large_image","twitter_misc":{"Dur\u00e9e de lecture estim\u00e9e":"4 minutes"},"schema":{"@context":"https:\/\/schema.org","@graph":[{"@type":"WebPage","@id":"http:\/\/lefournilogement.fr\/?page_id=1478","url":"http:\/\/lefournilogement.fr\/?page_id=1478","name":"Mentions l\u00e9gales - Lefournilogement","isPartOf":{"@id":"http:\/\/lefournilogement.fr\/#website"},"datePublished":"2024-09-19T13:34:11+00:00","dateModified":"2024-10-07T11:46:34+00:00","breadcrumb":{"@id":"http:\/\/lefournilogement.fr\/?page_id=1478#breadcrumb"},"inLanguage":"fr-FR","potentialAction":[{"@type":"ReadAction","target":["http:\/\/lefournilogement.fr\/?page_id=1478"]}]},{"@type":"BreadcrumbList","@id":"http:\/\/lefournilogement.fr\/?page_id=1478#breadcrumb","itemListElement":[{"@type":"ListItem","position":1,"name":"Accueil","item":"http:\/\/lefournilogement.fr\/"},{"@type":"ListItem","position":2,"name":"Mentions l\u00e9gales"}]},{"@type":"WebSite","@id":"http:\/\/lefournilogement.fr\/#website","url":"http:\/\/lefournilogement.fr\/","name":"Lefournilogement","description":"logement \u00e9tudiant \u00e0 Bourg-en-Bresse","potentialAction":[{"@type":"SearchAction","target":{"@type":"EntryPoint","urlTemplate":"http:\/\/lefournilogement.fr\/?s={search_term_string}"},"query-input":{"@type":"PropertyValueSpecification","valueRequired":true,"valueName":"search_term_string"}}],"inLanguage":"fr-FR"}]}},"_links":{"self":[{"href":"http:\/\/lefournilogement.fr\/index.php?rest_route=\/wp\/v2\/pages\/1478","targetHints":{"allow":["GET"]}}],"collection":[{"href":"http:\/\/lefournilogement.fr\/index.php?rest_route=\/wp\/v2\/pages"}],"about":[{"href":"http:\/\/lefournilogement.fr\/index.php?rest_route=\/wp\/v2\/types\/page"}],"author":[{"embeddable":true,"href":"http:\/\/lefournilogement.fr\/index.php?rest_route=\/wp\/v2\/users\/1"}],"replies":[{"embeddable":true,"href":"http:\/\/lefournilogement.fr\/index.php?rest_route=%2Fwp%2Fv2%2Fcomments&post=1478"}],"version-history":[{"count":8,"href":"http:\/\/lefournilogement.fr\/index.php?rest_route=\/wp\/v2\/pages\/1478\/revisions"}],"predecessor-version":[{"id":1596,"href":"http:\/\/lefournilogement.fr\/index.php?rest_route=\/wp\/v2\/pages\/1478\/revisions\/1596"}],"wp:attachment":[{"href":"http:\/\/lefournilogement.fr\/index.php?rest_route=%2Fwp%2Fv2%2Fmedia&parent=1478"}],"curies":[{"name":"wp","href":"https:\/\/api.w.org\/{rel}","templated":true}]}}