{"id":73,"date":"2016-06-27T14:31:15","date_gmt":"2016-06-27T13:31:15","guid":{"rendered":"http:\/\/lefournilogement.fr\/?page_id=73"},"modified":"2026-02-05T16:18:52","modified_gmt":"2026-02-05T15:18:52","slug":"30-rue-revermont","status":"publish","type":"page","link":"https:\/\/lefournilogement.fr\/?page_id=73","title":{"rendered":"30 rue du revermont"},"content":{"rendered":"<p>Nos studios ont une surface entre 16 et&nbsp; 20 m\u00b2, sont enti\u00e8rement meubl\u00e9s et tous \u00e9quip\u00e9s d&rsquo;une kitchenette (frigo, plaques de cuisson, micro onde), d&rsquo;un couchage en mezzanine avec un lit de 120 cm, de tables, de chaises, d&rsquo;un canap\u00e9 convertible d&rsquo;appoint, d&rsquo;une armoire et des \u00e9tag\u00e8res de rangement. Ils disposent d&rsquo;une salle de bains et de WC privatifs.<\/p>\n<p>Acc\u00e8s internet en illimit\u00e9 par la fibre. Un lave-linge est \u00e0 disposition des locataires.<\/p>\n<p>L&rsquo;entr\u00e9e au logement est ind\u00e9pendante. Un parking est pr\u00e9vu pour les logements. Les logements sont en face du Lyc\u00e9e Gabriel Voisin et \u00e0 5 minutes \u00e0 pied du Lyc\u00e9e des Sardi\u00e8res. Alimentec, l&rsquo;IUT, l&rsquo;Ecole de commerce sont \u00e0 10 minutes \u00e0 pied.<\/p>\n<p>Le Centre ville est \u00e0 15 minutes \u00e0 pied. Les commerces sont \u00e0 proximit\u00e9.<\/p>\n<p><strong>La disponibilit\u00e9 des logements est mise \u00e0 jour r\u00e9guli\u00e8rement. Derni\u00e8re mise \u00e0 jour le 2 f\u00e9vrier 2026.<\/strong><\/p>\n<p>&nbsp;<\/p>\n\n\n<div class=\"wp-block-group is-vertical is-layout-flex wp-container-core-group-is-layout-8cf370e7 wp-block-group-is-layout-flex\">\n<figure class=\"wp-block-gallery has-nested-images columns-5 is-cropped wp-block-gallery-1 is-layout-flex wp-block-gallery-is-layout-flex\">\n<figure class=\"wp-block-image size-large\"><a href=\"https:\/\/lefournilogement.fr\/?page_id=753\"><img loading=\"lazy\" decoding=\"async\" width=\"800\" height=\"600\" data-id=\"733\" src=\"https:\/\/lefournilogement.fr\/wp-content\/uploads\/2023\/06\/IMG_7662.jpg\" alt=\"\" class=\"wp-image-733\" srcset=\"https:\/\/lefournilogement.fr\/wp-content\/uploads\/2023\/06\/IMG_7662.jpg 800w, https:\/\/lefournilogement.fr\/wp-content\/uploads\/2023\/06\/IMG_7662-300x225.jpg 300w, https:\/\/lefournilogement.fr\/wp-content\/uploads\/2023\/06\/IMG_7662-768x576.jpg 768w, https:\/\/lefournilogement.fr\/wp-content\/uploads\/2023\/06\/IMG_7662-200x150.jpg 200w, https:\/\/lefournilogement.fr\/wp-content\/uploads\/2023\/06\/IMG_7662-150x113.jpg 150w\" sizes=\"auto, (max-width: 800px) 100vw, 800px\" \/><\/a><figcaption class=\"wp-element-caption\">Studio 1 (18m<strong>\u00b2<\/strong>) <strong>OCCUPE<\/strong><\/figcaption><\/figure>\n\n\n\n<figure class=\"wp-block-image size-large\"><a href=\"https:\/\/lefournilogement.fr\/?page_id=754\"><img loading=\"lazy\" decoding=\"async\" width=\"450\" height=\"600\" data-id=\"765\" src=\"https:\/\/lefournilogement.fr\/wp-content\/uploads\/2023\/06\/094-1.jpg\" alt=\"\" class=\"wp-image-765\" srcset=\"https:\/\/lefournilogement.fr\/wp-content\/uploads\/2023\/06\/094-1.jpg 450w, https:\/\/lefournilogement.fr\/wp-content\/uploads\/2023\/06\/094-1-225x300.jpg 225w, https:\/\/lefournilogement.fr\/wp-content\/uploads\/2023\/06\/094-1-113x150.jpg 113w\" sizes=\"auto, (max-width: 450px) 100vw, 450px\" \/><\/a><figcaption class=\"wp-element-caption\">Studio 2 (20m<strong>\u00b2<\/strong>) <strong>OCCUPE<\/strong><\/figcaption><\/figure>\n\n\n\n<figure class=\"wp-block-image size-large\"><a href=\"https:\/\/lefournilogement.fr\/?page_id=755\"><img loading=\"lazy\" decoding=\"async\" width=\"450\" height=\"600\" data-id=\"1132\" src=\"https:\/\/lefournilogement.fr\/wp-content\/uploads\/2023\/07\/IMG_4480-1.jpg\" alt=\"\" class=\"wp-image-1132\" srcset=\"https:\/\/lefournilogement.fr\/wp-content\/uploads\/2023\/07\/IMG_4480-1.jpg 450w, https:\/\/lefournilogement.fr\/wp-content\/uploads\/2023\/07\/IMG_4480-1-225x300.jpg 225w, https:\/\/lefournilogement.fr\/wp-content\/uploads\/2023\/07\/IMG_4480-1-113x150.jpg 113w\" sizes=\"auto, (max-width: 450px) 100vw, 450px\" \/><\/a><figcaption class=\"wp-element-caption\">Studio 3 (18m<strong>\u00b2<\/strong>) <strong>LOUE<\/strong><\/figcaption><\/figure>\n\n\n\n<figure class=\"wp-block-image size-large\"><a href=\"https:\/\/lefournilogement.fr\/?page_id=756\"><img loading=\"lazy\" decoding=\"async\" width=\"450\" height=\"600\" data-id=\"810\" src=\"https:\/\/lefournilogement.fr\/wp-content\/uploads\/2023\/06\/IMG_3541-2.jpg\" alt=\"\" class=\"wp-image-810\" srcset=\"https:\/\/lefournilogement.fr\/wp-content\/uploads\/2023\/06\/IMG_3541-2.jpg 450w, https:\/\/lefournilogement.fr\/wp-content\/uploads\/2023\/06\/IMG_3541-2-225x300.jpg 225w, https:\/\/lefournilogement.fr\/wp-content\/uploads\/2023\/06\/IMG_3541-2-113x150.jpg 113w\" sizes=\"auto, (max-width: 450px) 100vw, 450px\" \/><\/a><figcaption class=\"wp-element-caption\">Studio 4 (15m<strong>\u00b2<\/strong>) <strong>OCCUPE<\/strong><\/figcaption><\/figure>\n<\/figure>\n\n\n\n<figure class=\"wp-block-gallery has-nested-images columns-5 is-cropped wp-block-gallery-2 is-layout-flex wp-block-gallery-is-layout-flex\">\n<figure class=\"wp-block-image size-full\"><a href=\"https:\/\/lefournilogement.fr\/?page_id=757\"><img loading=\"lazy\" decoding=\"async\" width=\"450\" height=\"600\" data-id=\"1472\" src=\"http:\/\/lefournilogement.fr\/wp-content\/uploads\/2024\/09\/IMG_4431.jpg\" alt=\"\" class=\"wp-image-1472\" srcset=\"https:\/\/lefournilogement.fr\/wp-content\/uploads\/2024\/09\/IMG_4431.jpg 450w, https:\/\/lefournilogement.fr\/wp-content\/uploads\/2024\/09\/IMG_4431-225x300.jpg 225w, https:\/\/lefournilogement.fr\/wp-content\/uploads\/2024\/09\/IMG_4431-113x150.jpg 113w\" sizes=\"auto, (max-width: 450px) 100vw, 450px\" \/><\/a><figcaption class=\"wp-element-caption\">Studio 5 (15m<strong>\u00b2<\/strong>) <strong>LOUE<\/strong><\/figcaption><\/figure>\n\n\n\n<figure class=\"wp-block-image size-full\"><a href=\"https:\/\/lefournilogement.fr\/?page_id=805\"><img loading=\"lazy\" decoding=\"async\" width=\"450\" height=\"600\" data-id=\"812\" src=\"http:\/\/lefournilogement.fr\/wp-content\/uploads\/2023\/06\/IMG_3543-1.jpg\" alt=\"\" class=\"wp-image-812\" srcset=\"https:\/\/lefournilogement.fr\/wp-content\/uploads\/2023\/06\/IMG_3543-1.jpg 450w, https:\/\/lefournilogement.fr\/wp-content\/uploads\/2023\/06\/IMG_3543-1-225x300.jpg 225w, https:\/\/lefournilogement.fr\/wp-content\/uploads\/2023\/06\/IMG_3543-1-113x150.jpg 113w\" sizes=\"auto, (max-width: 450px) 100vw, 450px\" \/><\/a><figcaption class=\"wp-element-caption\">Studio 6 (16m<strong>\u00b2<\/strong>) <strong>LOUE<\/strong><\/figcaption><\/figure>\n\n\n\n<figure class=\"wp-block-image size-full\"><a href=\"https:\/\/lefournilogement.fr\/?page_id=806\"><img loading=\"lazy\" decoding=\"async\" width=\"450\" height=\"600\" data-id=\"813\" src=\"http:\/\/lefournilogement.fr\/wp-content\/uploads\/2023\/06\/IMG_1790-1.jpg\" alt=\"\" class=\"wp-image-813\" srcset=\"https:\/\/lefournilogement.fr\/wp-content\/uploads\/2023\/06\/IMG_1790-1.jpg 450w, https:\/\/lefournilogement.fr\/wp-content\/uploads\/2023\/06\/IMG_1790-1-225x300.jpg 225w, https:\/\/lefournilogement.fr\/wp-content\/uploads\/2023\/06\/IMG_1790-1-113x150.jpg 113w\" sizes=\"auto, (max-width: 450px) 100vw, 450px\" \/><\/a><figcaption class=\"wp-element-caption\">Studio 7 (16m<strong>\u00b2<\/strong>) <strong>OCCUPE<\/strong><\/figcaption><\/figure>\n\n\n\n<figure class=\"wp-block-image size-full\"><a href=\"https:\/\/lefournilogement.fr\/?page_id=807\"><img loading=\"lazy\" decoding=\"async\" width=\"800\" height=\"600\" data-id=\"823\" src=\"http:\/\/lefournilogement.fr\/wp-content\/uploads\/2023\/06\/IMG_1670-1.jpg\" alt=\"\" class=\"wp-image-823\" srcset=\"https:\/\/lefournilogement.fr\/wp-content\/uploads\/2023\/06\/IMG_1670-1.jpg 800w, https:\/\/lefournilogement.fr\/wp-content\/uploads\/2023\/06\/IMG_1670-1-300x225.jpg 300w, https:\/\/lefournilogement.fr\/wp-content\/uploads\/2023\/06\/IMG_1670-1-768x576.jpg 768w, https:\/\/lefournilogement.fr\/wp-content\/uploads\/2023\/06\/IMG_1670-1-200x150.jpg 200w, https:\/\/lefournilogement.fr\/wp-content\/uploads\/2023\/06\/IMG_1670-1-150x113.jpg 150w\" sizes=\"auto, (max-width: 800px) 100vw, 800px\" \/><\/a><figcaption class=\"wp-element-caption\">Studio 8 (17m<strong>\u00b2<\/strong>) <strong>OCCUPE<\/strong><\/figcaption><\/figure>\n<\/figure>\n\n\n\n<figure class=\"wp-block-gallery has-nested-images columns-5 is-cropped wp-block-gallery-3 is-layout-flex wp-block-gallery-is-layout-flex\">\n<figure class=\"wp-block-image size-full\"><a href=\"https:\/\/lefournilogement.fr\/?page_id=808\"><img loading=\"lazy\" decoding=\"async\" width=\"450\" height=\"600\" data-id=\"844\" src=\"http:\/\/lefournilogement.fr\/wp-content\/uploads\/2023\/06\/IMG_2742.jpg\" alt=\"\" class=\"wp-image-844\" srcset=\"https:\/\/lefournilogement.fr\/wp-content\/uploads\/2023\/06\/IMG_2742.jpg 450w, https:\/\/lefournilogement.fr\/wp-content\/uploads\/2023\/06\/IMG_2742-225x300.jpg 225w, https:\/\/lefournilogement.fr\/wp-content\/uploads\/2023\/06\/IMG_2742-113x150.jpg 113w\" sizes=\"auto, (max-width: 450px) 100vw, 450px\" \/><\/a><figcaption class=\"wp-element-caption\">Studio 9 (18m<strong>\u00b2<\/strong>) <strong>OCCUPE<\/strong><\/figcaption><\/figure>\n\n\n\n<figure class=\"wp-block-image size-full\"><a href=\"https:\/\/lefournilogement.fr\/?page_id=809\"><img loading=\"lazy\" decoding=\"async\" width=\"450\" height=\"600\" data-id=\"840\" src=\"http:\/\/lefournilogement.fr\/wp-content\/uploads\/2023\/06\/IMG_3492.jpg\" alt=\"\" class=\"wp-image-840\" srcset=\"https:\/\/lefournilogement.fr\/wp-content\/uploads\/2023\/06\/IMG_3492.jpg 450w, https:\/\/lefournilogement.fr\/wp-content\/uploads\/2023\/06\/IMG_3492-225x300.jpg 225w, https:\/\/lefournilogement.fr\/wp-content\/uploads\/2023\/06\/IMG_3492-113x150.jpg 113w\" sizes=\"auto, (max-width: 450px) 100vw, 450px\" \/><\/a><figcaption class=\"wp-element-caption\">Studio 10 (17m<strong>\u00b2<\/strong>) <strong>LOUE<\/strong><\/figcaption><\/figure>\n\n\n\n<figure class=\"wp-block-image size-full\"><a href=\"https:\/\/lefournilogement.fr\/?page_id=866\"><img loading=\"lazy\" decoding=\"async\" width=\"450\" height=\"600\" data-id=\"1305\" src=\"http:\/\/lefournilogement.fr\/wp-content\/uploads\/2024\/07\/IMG_5225-1.jpeg\" alt=\"\" class=\"wp-image-1305\" srcset=\"https:\/\/lefournilogement.fr\/wp-content\/uploads\/2024\/07\/IMG_5225-1.jpeg 450w, https:\/\/lefournilogement.fr\/wp-content\/uploads\/2024\/07\/IMG_5225-1-225x300.jpeg 225w, https:\/\/lefournilogement.fr\/wp-content\/uploads\/2024\/07\/IMG_5225-1-113x150.jpeg 113w\" sizes=\"auto, (max-width: 450px) 100vw, 450px\" \/><\/a><figcaption class=\"wp-element-caption\">Studio 11 (16m<strong>\u00b2<\/strong>) <strong>OCCUPE<\/strong><\/figcaption><\/figure>\n\n\n\n<figure class=\"wp-block-image size-full\"><a href=\"https:\/\/lefournilogement.fr\/?page_id=867\"><img loading=\"lazy\" decoding=\"async\" width=\"450\" height=\"600\" data-id=\"874\" src=\"http:\/\/lefournilogement.fr\/wp-content\/uploads\/2023\/06\/IMG_4102.jpg\" alt=\"\" class=\"wp-image-874\" srcset=\"https:\/\/lefournilogement.fr\/wp-content\/uploads\/2023\/06\/IMG_4102.jpg 450w, https:\/\/lefournilogement.fr\/wp-content\/uploads\/2023\/06\/IMG_4102-225x300.jpg 225w, https:\/\/lefournilogement.fr\/wp-content\/uploads\/2023\/06\/IMG_4102-113x150.jpg 113w\" sizes=\"auto, (max-width: 450px) 100vw, 450px\" \/><\/a><figcaption class=\"wp-element-caption\">Studio 12 (30m<strong>\u00b2<\/strong>) avec jardin (30m<strong>\u00b2<\/strong>) <br><strong>OCCUPE<\/strong><\/figcaption><\/figure>\n<\/figure>\n\n\n\n<figure class=\"wp-block-gallery has-nested-images columns-5 is-cropped wp-block-gallery-4 is-layout-flex wp-block-gallery-is-layout-flex\">\n<figure class=\"wp-block-image size-full\"><a href=\"https:\/\/lefournilogement.fr\/?page_id=868\"><img loading=\"lazy\" decoding=\"async\" width=\"450\" height=\"600\" data-id=\"1474\" src=\"http:\/\/lefournilogement.fr\/wp-content\/uploads\/2024\/09\/IMG_4518.jpg\" alt=\"\" class=\"wp-image-1474\" srcset=\"https:\/\/lefournilogement.fr\/wp-content\/uploads\/2024\/09\/IMG_4518.jpg 450w, https:\/\/lefournilogement.fr\/wp-content\/uploads\/2024\/09\/IMG_4518-225x300.jpg 225w, https:\/\/lefournilogement.fr\/wp-content\/uploads\/2024\/09\/IMG_4518-113x150.jpg 113w\" sizes=\"auto, (max-width: 450px) 100vw, 450px\" \/><\/a><figcaption class=\"wp-element-caption\">Studio 14 (40m<strong>\u00b2<\/strong>)  avec jardin (30m<strong>\u00b2<\/strong>) <strong>OCCUPE<\/strong><\/figcaption><\/figure>\n\n\n\n<figure class=\"wp-block-image size-full\"><a href=\"https:\/\/lefournilogement.fr\/?page_id=869\"><img loading=\"lazy\" decoding=\"async\" width=\"450\" height=\"600\" data-id=\"905\" src=\"http:\/\/lefournilogement.fr\/wp-content\/uploads\/2023\/06\/IMG_2340.jpg\" alt=\"\" class=\"wp-image-905\" srcset=\"https:\/\/lefournilogement.fr\/wp-content\/uploads\/2023\/06\/IMG_2340.jpg 450w, https:\/\/lefournilogement.fr\/wp-content\/uploads\/2023\/06\/IMG_2340-225x300.jpg 225w, https:\/\/lefournilogement.fr\/wp-content\/uploads\/2023\/06\/IMG_2340-113x150.jpg 113w\" sizes=\"auto, (max-width: 450px) 100vw, 450px\" \/><\/a><figcaption class=\"wp-element-caption\">Studio 17 (25m<strong>\u00b2<\/strong>) avec jardin <strong>OCCUPE<\/strong><\/figcaption><\/figure>\n\n\n\n<figure class=\"wp-block-image size-full\"><a href=\"https:\/\/lefournilogement.fr\/?page_id=870\"><img loading=\"lazy\" decoding=\"async\" width=\"768\" height=\"432\" data-id=\"1710\" src=\"https:\/\/lefournilogement.fr\/wp-content\/uploads\/2025\/06\/Resized_20250614_173042.jpeg-2.jpg\" alt=\"\" class=\"wp-image-1710\" srcset=\"https:\/\/lefournilogement.fr\/wp-content\/uploads\/2025\/06\/Resized_20250614_173042.jpeg-2.jpg 768w, https:\/\/lefournilogement.fr\/wp-content\/uploads\/2025\/06\/Resized_20250614_173042.jpeg-2-300x169.jpg 300w, https:\/\/lefournilogement.fr\/wp-content\/uploads\/2025\/06\/Resized_20250614_173042.jpeg-2-150x84.jpg 150w\" sizes=\"auto, (max-width: 768px) 100vw, 768px\" \/><\/a><figcaption class=\"wp-element-caption\">Studio 18 (25m<strong>\u00b2<\/strong>) avec jardin <strong> LOUE<\/strong><\/figcaption><\/figure>\n\n\n\n<figure class=\"wp-block-image size-full\"><a href=\"https:\/\/lefournilogement.fr\/?page_id=935\"><img loading=\"lazy\" decoding=\"async\" width=\"450\" height=\"600\" data-id=\"939\" src=\"http:\/\/lefournilogement.fr\/wp-content\/uploads\/2023\/06\/IMG_2830.jpg\" alt=\"\" class=\"wp-image-939\" srcset=\"https:\/\/lefournilogement.fr\/wp-content\/uploads\/2023\/06\/IMG_2830.jpg 450w, https:\/\/lefournilogement.fr\/wp-content\/uploads\/2023\/06\/IMG_2830-225x300.jpg 225w, https:\/\/lefournilogement.fr\/wp-content\/uploads\/2023\/06\/IMG_2830-113x150.jpg 113w\" sizes=\"auto, (max-width: 450px) 100vw, 450px\" \/><\/a><figcaption class=\"wp-element-caption\">F2 13 (45m<strong>\u00b2<\/strong>) avec jardin (30m<strong>\u00b2<\/strong>)  <strong>OCCUPE<\/strong><\/figcaption><\/figure>\n<\/figure>\n\n\n\n<div class=\"wp-block-columns is-layout-flex wp-container-core-columns-is-layout-9d6595d7 wp-block-columns-is-layout-flex\">\n<div class=\"wp-block-column is-layout-flow wp-block-column-is-layout-flow\" style=\"flex-basis:100%\">\n<figure class=\"wp-block-gallery has-nested-images columns-5 is-cropped wp-block-gallery-5 is-layout-flex wp-block-gallery-is-layout-flex\">\n<figure class=\"wp-block-image size-large\"><a href=\"https:\/\/lefournilogement.fr\/?page_id=936\"><img loading=\"lazy\" decoding=\"async\" width=\"450\" height=\"600\" data-id=\"964\" src=\"https:\/\/lefournilogement.fr\/wp-content\/uploads\/2023\/06\/IMG_2094-1.jpg\" alt=\"\" class=\"wp-image-964\" srcset=\"https:\/\/lefournilogement.fr\/wp-content\/uploads\/2023\/06\/IMG_2094-1.jpg 450w, https:\/\/lefournilogement.fr\/wp-content\/uploads\/2023\/06\/IMG_2094-1-225x300.jpg 225w, https:\/\/lefournilogement.fr\/wp-content\/uploads\/2023\/06\/IMG_2094-1-113x150.jpg 113w\" sizes=\"auto, (max-width: 450px) 100vw, 450px\" \/><\/a><figcaption class=\"wp-element-caption\">F2 15 (32m<strong>\u00b2<\/strong>) avec jardin (30m<strong>\u00b2<\/strong>) <strong>OCCUPE<\/strong><\/figcaption><\/figure>\n\n\n\n<figure class=\"wp-block-image size-full\"><a href=\"https:\/\/lefournilogement.fr\/?page_id=937\"><img loading=\"lazy\" decoding=\"async\" width=\"450\" height=\"600\" data-id=\"1506\" src=\"https:\/\/lefournilogement.fr\/wp-content\/uploads\/2024\/10\/IMG_4395.jpg\" alt=\"\" class=\"wp-image-1506\" srcset=\"https:\/\/lefournilogement.fr\/wp-content\/uploads\/2024\/10\/IMG_4395.jpg 450w, https:\/\/lefournilogement.fr\/wp-content\/uploads\/2024\/10\/IMG_4395-225x300.jpg 225w, https:\/\/lefournilogement.fr\/wp-content\/uploads\/2024\/10\/IMG_4395-113x150.jpg 113w\" sizes=\"auto, (max-width: 450px) 100vw, 450px\" \/><\/a><figcaption class=\"wp-element-caption\">F2 16 (30m<strong>\u00b2<\/strong>) avec jardin  <strong>OCCUPE<\/strong><\/figcaption><\/figure>\n\n\n\n<figure class=\"wp-block-image size-full\"><img loading=\"lazy\" decoding=\"async\" width=\"800\" height=\"600\" data-id=\"1515\" src=\"http:\/\/lefournilogement.fr\/wp-content\/uploads\/2024\/10\/IMG_20190829_152251.jpg\" alt=\"\" class=\"wp-image-1515\" srcset=\"https:\/\/lefournilogement.fr\/wp-content\/uploads\/2024\/10\/IMG_20190829_152251.jpg 800w, https:\/\/lefournilogement.fr\/wp-content\/uploads\/2024\/10\/IMG_20190829_152251-300x225.jpg 300w, https:\/\/lefournilogement.fr\/wp-content\/uploads\/2024\/10\/IMG_20190829_152251-768x576.jpg 768w, https:\/\/lefournilogement.fr\/wp-content\/uploads\/2024\/10\/IMG_20190829_152251-150x113.jpg 150w\" sizes=\"auto, (max-width: 800px) 100vw, 800px\" \/><figcaption class=\"wp-element-caption\">   <\/figcaption><\/figure>\n<\/figure>\n<\/div>\n<\/div>\n<\/div>\n\n\n\n<figure class=\"wp-block-gallery has-nested-images columns-default is-cropped wp-block-gallery-6 is-layout-flex wp-block-gallery-is-layout-flex\"><\/figure>\n\n\n\n<div style=\"height:100px\" aria-hidden=\"true\" class=\"wp-block-spacer\"><\/div>\n\n\n\n<div class=\"wp-block-group is-nowrap is-layout-flex wp-container-core-group-is-layout-ad2f72ca wp-block-group-is-layout-flex\">\n<div class=\"wp-block-columns are-vertically-aligned-center is-layout-flex wp-container-core-columns-is-layout-9d6595d7 wp-block-columns-is-layout-flex\">\n<div class=\"wp-block-column is-vertically-aligned-center is-layout-flow wp-block-column-is-layout-flow\" style=\"flex-basis:100%\"><\/div>\n<\/div>\n<\/div>\n","protected":false},"excerpt":{"rendered":"<p>Nos studios ont une surface entre 16 et&nbsp; 20 m\u00b2, sont enti\u00e8rement meubl\u00e9s et tous \u00e9quip\u00e9s d&rsquo;une kitchenette (frigo, plaques de cuisson, micro onde), d&rsquo;un couchage en mezzanine avec un lit de 120 cm, de tables, de chaises, d&rsquo;un canap\u00e9 convertible d&rsquo;appoint, d&rsquo;une armoire et des \u00e9tag\u00e8res de rangement. Ils\u2026<\/p>\n<p> <a class=\"continue-reading-link\" href=\"https:\/\/lefournilogement.fr\/?page_id=73\"><span>Continue reading<\/span><i class=\"crycon-right-dir\"><\/i><\/a> <\/p>\n","protected":false},"author":1,"featured_media":0,"parent":0,"menu_order":0,"comment_status":"closed","ping_status":"closed","template":"","meta":{"_exactmetrics_skip_tracking":false,"_exactmetrics_sitenote_active":false,"_exactmetrics_sitenote_note":"","_exactmetrics_sitenote_category":0,"ngg_post_thumbnail":0,"footnotes":""},"class_list":["post-73","page","type-page","status-publish","hentry"],"yoast_head":"<!-- This site is optimized with the Yoast SEO plugin v27.5 - https:\/\/yoast.com\/product\/yoast-seo-wordpress\/ -->\n<title>Studios meubl\u00e9s proches de l&#039;IUT avenue de Jasseron \u00e0 Bourg-en-Bresse<\/title>\n<meta name=\"description\" content=\"11 studios meubl\u00e9s pour \u00e9tudiants d&#039;IUT, d&#039;\u00e9cole de commerce, du Lyc\u00e9e des Sardi\u00e8res \u00e0 Bourg-en-Bresse\" \/>\n<meta name=\"robots\" content=\"index, follow, max-snippet:-1, max-image-preview:large, max-video-preview:-1\" \/>\n<link rel=\"canonical\" href=\"http:\/\/lefournilogement.fr\/?page_id=73\" \/>\n<meta property=\"og:locale\" content=\"fr_FR\" \/>\n<meta property=\"og:type\" content=\"article\" \/>\n<meta property=\"og:title\" content=\"Studios meubl\u00e9s proches de l&#039;IUT avenue de Jasseron \u00e0 Bourg-en-Bresse\" \/>\n<meta property=\"og:description\" content=\"11 studios meubl\u00e9s pour \u00e9tudiants d&#039;IUT, d&#039;\u00e9cole de commerce, du Lyc\u00e9e des Sardi\u00e8res \u00e0 Bourg-en-Bresse\" \/>\n<meta property=\"og:url\" content=\"http:\/\/lefournilogement.fr\/?page_id=73\" \/>\n<meta property=\"og:site_name\" content=\"Lefournilogement\" \/>\n<meta property=\"article:modified_time\" content=\"2026-02-05T15:18:52+00:00\" \/>\n<meta property=\"og:image\" content=\"https:\/\/lefournilogement.fr\/wp-content\/uploads\/2023\/06\/IMG_7662.jpg\" \/>\n<meta name=\"twitter:card\" content=\"summary_large_image\" \/>\n<meta name=\"twitter:label1\" content=\"Dur\u00e9e de lecture estim\u00e9e\" \/>\n\t<meta name=\"twitter:data1\" content=\"6 minutes\" \/>\n<script type=\"application\/ld+json\" class=\"yoast-schema-graph\">{\"@context\":\"https:\\\/\\\/schema.org\",\"@graph\":[{\"@type\":\"WebPage\",\"@id\":\"http:\\\/\\\/lefournilogement.fr\\\/?page_id=73\",\"url\":\"http:\\\/\\\/lefournilogement.fr\\\/?page_id=73\",\"name\":\"Studios meubl\u00e9s proches de l'IUT avenue de Jasseron \u00e0 Bourg-en-Bresse\",\"isPartOf\":{\"@id\":\"http:\\\/\\\/lefournilogement.fr\\\/#website\"},\"primaryImageOfPage\":{\"@id\":\"http:\\\/\\\/lefournilogement.fr\\\/?page_id=73#primaryimage\"},\"image\":{\"@id\":\"http:\\\/\\\/lefournilogement.fr\\\/?page_id=73#primaryimage\"},\"thumbnailUrl\":\"https:\\\/\\\/lefournilogement.fr\\\/wp-content\\\/uploads\\\/2023\\\/06\\\/IMG_7662.jpg\",\"datePublished\":\"2016-06-27T13:31:15+00:00\",\"dateModified\":\"2026-02-05T15:18:52+00:00\",\"description\":\"11 studios meubl\u00e9s pour \u00e9tudiants d'IUT, d'\u00e9cole de commerce, du Lyc\u00e9e des Sardi\u00e8res \u00e0 Bourg-en-Bresse\",\"breadcrumb\":{\"@id\":\"http:\\\/\\\/lefournilogement.fr\\\/?page_id=73#breadcrumb\"},\"inLanguage\":\"fr-FR\",\"potentialAction\":[{\"@type\":\"ReadAction\",\"target\":[\"http:\\\/\\\/lefournilogement.fr\\\/?page_id=73\"]}]},{\"@type\":\"ImageObject\",\"inLanguage\":\"fr-FR\",\"@id\":\"http:\\\/\\\/lefournilogement.fr\\\/?page_id=73#primaryimage\",\"url\":\"https:\\\/\\\/lefournilogement.fr\\\/wp-content\\\/uploads\\\/2023\\\/06\\\/IMG_7662.jpg\",\"contentUrl\":\"https:\\\/\\\/lefournilogement.fr\\\/wp-content\\\/uploads\\\/2023\\\/06\\\/IMG_7662.jpg\"},{\"@type\":\"BreadcrumbList\",\"@id\":\"http:\\\/\\\/lefournilogement.fr\\\/?page_id=73#breadcrumb\",\"itemListElement\":[{\"@type\":\"ListItem\",\"position\":1,\"name\":\"Accueil\",\"item\":\"http:\\\/\\\/lefournilogement.fr\\\/\"},{\"@type\":\"ListItem\",\"position\":2,\"name\":\"30 rue du revermont\"}]},{\"@type\":\"WebSite\",\"@id\":\"http:\\\/\\\/lefournilogement.fr\\\/#website\",\"url\":\"http:\\\/\\\/lefournilogement.fr\\\/\",\"name\":\"Lefournilogement\",\"description\":\"logement \u00e9tudiant \u00e0 Bourg-en-Bresse\",\"potentialAction\":[{\"@type\":\"SearchAction\",\"target\":{\"@type\":\"EntryPoint\",\"urlTemplate\":\"http:\\\/\\\/lefournilogement.fr\\\/?s={search_term_string}\"},\"query-input\":{\"@type\":\"PropertyValueSpecification\",\"valueRequired\":true,\"valueName\":\"search_term_string\"}}],\"inLanguage\":\"fr-FR\"}]}<\/script>\n<!-- \/ Yoast SEO plugin. -->","yoast_head_json":{"title":"Studios meubl\u00e9s proches de l'IUT avenue de Jasseron \u00e0 Bourg-en-Bresse","description":"11 studios meubl\u00e9s pour \u00e9tudiants d'IUT, d'\u00e9cole de commerce, du Lyc\u00e9e des Sardi\u00e8res \u00e0 Bourg-en-Bresse","robots":{"index":"index","follow":"follow","max-snippet":"max-snippet:-1","max-image-preview":"max-image-preview:large","max-video-preview":"max-video-preview:-1"},"canonical":"http:\/\/lefournilogement.fr\/?page_id=73","og_locale":"fr_FR","og_type":"article","og_title":"Studios meubl\u00e9s proches de l'IUT avenue de Jasseron \u00e0 Bourg-en-Bresse","og_description":"11 studios meubl\u00e9s pour \u00e9tudiants d'IUT, d'\u00e9cole de commerce, du Lyc\u00e9e des Sardi\u00e8res \u00e0 Bourg-en-Bresse","og_url":"http:\/\/lefournilogement.fr\/?page_id=73","og_site_name":"Lefournilogement","article_modified_time":"2026-02-05T15:18:52+00:00","og_image":[{"url":"https:\/\/lefournilogement.fr\/wp-content\/uploads\/2023\/06\/IMG_7662.jpg","type":"","width":"","height":""}],"twitter_card":"summary_large_image","twitter_misc":{"Dur\u00e9e de lecture estim\u00e9e":"6 minutes"},"schema":{"@context":"https:\/\/schema.org","@graph":[{"@type":"WebPage","@id":"http:\/\/lefournilogement.fr\/?page_id=73","url":"http:\/\/lefournilogement.fr\/?page_id=73","name":"Studios meubl\u00e9s proches de l'IUT avenue de Jasseron \u00e0 Bourg-en-Bresse","isPartOf":{"@id":"http:\/\/lefournilogement.fr\/#website"},"primaryImageOfPage":{"@id":"http:\/\/lefournilogement.fr\/?page_id=73#primaryimage"},"image":{"@id":"http:\/\/lefournilogement.fr\/?page_id=73#primaryimage"},"thumbnailUrl":"https:\/\/lefournilogement.fr\/wp-content\/uploads\/2023\/06\/IMG_7662.jpg","datePublished":"2016-06-27T13:31:15+00:00","dateModified":"2026-02-05T15:18:52+00:00","description":"11 studios meubl\u00e9s pour \u00e9tudiants d'IUT, d'\u00e9cole de commerce, du Lyc\u00e9e des Sardi\u00e8res \u00e0 Bourg-en-Bresse","breadcrumb":{"@id":"http:\/\/lefournilogement.fr\/?page_id=73#breadcrumb"},"inLanguage":"fr-FR","potentialAction":[{"@type":"ReadAction","target":["http:\/\/lefournilogement.fr\/?page_id=73"]}]},{"@type":"ImageObject","inLanguage":"fr-FR","@id":"http:\/\/lefournilogement.fr\/?page_id=73#primaryimage","url":"https:\/\/lefournilogement.fr\/wp-content\/uploads\/2023\/06\/IMG_7662.jpg","contentUrl":"https:\/\/lefournilogement.fr\/wp-content\/uploads\/2023\/06\/IMG_7662.jpg"},{"@type":"BreadcrumbList","@id":"http:\/\/lefournilogement.fr\/?page_id=73#breadcrumb","itemListElement":[{"@type":"ListItem","position":1,"name":"Accueil","item":"http:\/\/lefournilogement.fr\/"},{"@type":"ListItem","position":2,"name":"30 rue du revermont"}]},{"@type":"WebSite","@id":"http:\/\/lefournilogement.fr\/#website","url":"http:\/\/lefournilogement.fr\/","name":"Lefournilogement","description":"logement \u00e9tudiant \u00e0 Bourg-en-Bresse","potentialAction":[{"@type":"SearchAction","target":{"@type":"EntryPoint","urlTemplate":"http:\/\/lefournilogement.fr\/?s={search_term_string}"},"query-input":{"@type":"PropertyValueSpecification","valueRequired":true,"valueName":"search_term_string"}}],"inLanguage":"fr-FR"}]}},"_links":{"self":[{"href":"https:\/\/lefournilogement.fr\/index.php?rest_route=\/wp\/v2\/pages\/73","targetHints":{"allow":["GET"]}}],"collection":[{"href":"https:\/\/lefournilogement.fr\/index.php?rest_route=\/wp\/v2\/pages"}],"about":[{"href":"https:\/\/lefournilogement.fr\/index.php?rest_route=\/wp\/v2\/types\/page"}],"author":[{"embeddable":true,"href":"https:\/\/lefournilogement.fr\/index.php?rest_route=\/wp\/v2\/users\/1"}],"replies":[{"embeddable":true,"href":"https:\/\/lefournilogement.fr\/index.php?rest_route=%2Fwp%2Fv2%2Fcomments&post=73"}],"version-history":[{"count":76,"href":"https:\/\/lefournilogement.fr\/index.php?rest_route=\/wp\/v2\/pages\/73\/revisions"}],"predecessor-version":[{"id":1888,"href":"https:\/\/lefournilogement.fr\/index.php?rest_route=\/wp\/v2\/pages\/73\/revisions\/1888"}],"wp:attachment":[{"href":"https:\/\/lefournilogement.fr\/index.php?rest_route=%2Fwp%2Fv2%2Fmedia&parent=73"}],"curies":[{"name":"wp","href":"https:\/\/api.w.org\/{rel}","templated":true}]}}