{"id":8,"date":"2016-06-27T10:07:54","date_gmt":"2016-06-27T09:07:54","guid":{"rendered":"http:\/\/lefournilogement.fr\/?page_id=8"},"modified":"2024-09-12T12:54:24","modified_gmt":"2024-09-12T11:54:24","slug":"contact","status":"publish","type":"page","link":"https:\/\/lefournilogement.fr\/?page_id=8","title":{"rendered":"Contact"},"content":{"rendered":"<p style=\"color: #000000; text-transform: none; text-indent: 0px; letter-spacing: normal; word-spacing: 0px; white-space: normal; widows: 1; background-color: #ffffff; -webkit-text-stroke-width: 0px;\" align=\"center\"><span style=\"color: #000000; font-family: Verdana; font-size: large;\"><b>N&rsquo;h\u00e9sitez pas \u00e0 nous contacter&nbsp;<\/b><\/span><\/p>\n<p style=\"color: #000000; text-transform: none; text-indent: 0px; letter-spacing: normal; word-spacing: 0px; white-space: normal; widows: 1; background-color: #ffffff; -webkit-text-stroke-width: 0px;\" align=\"center\"><span style=\"color: #7a4b43; font-family: Verdana; font-size: x-large;\"><b>&nbsp;Mathilde V\u00c9RON-GOYET <\/b><\/span><span style=\"color: #7a4b43; font-family: Verdana; font-size: x-large;\"><b>&amp; Christian GOYET<\/b><\/span><\/p>\n<p style=\"color: #000000; text-transform: none; text-indent: 0px; letter-spacing: normal; word-spacing: 0px; white-space: normal; widows: 1; background-color: #ffffff; -webkit-text-stroke-width: 0px;\" align=\"center\"><span style=\"color: #000000; font-family: Verdana; font-size: medium;\"><b>de 9 H \u00e0 12 H et de 14 H \u00e0 18&nbsp; H <\/b><\/span><strong>du lundi au vendredi.<\/strong><\/p>\n<p style=\"color: #000000; text-transform: none; text-indent: 0px; letter-spacing: normal; word-spacing: 0px; white-space: normal; widows: 1; background-color: #ffffff; -webkit-text-stroke-width: 0px;\" align=\"center\"><span style=\"color: #000000; font-family: Verdana; font-size: x-large;\"><b>06 21 29 34 66<\/b><\/span><\/p>\n<p style=\"color: #000000; text-transform: none; text-indent: 0px; letter-spacing: normal; word-spacing: 0px; white-space: normal; widows: 1; background-color: #ffffff; -webkit-text-stroke-width: 0px;\" align=\"center\"><span style=\"color: #000000; font-family: Verdana; font-size: medium;\"><b>ou<\/b><\/span><\/p>\n<p style=\"color: #000000; text-transform: none; text-indent: 0px; letter-spacing: normal; word-spacing: 0px; white-space: normal; widows: 1; background-color: #ffffff; -webkit-text-stroke-width: 0px;\" align=\"center\"><span style=\"color: #000000; font-family: Verdana; font-size: x-large;\"><b>04 74&nbsp;23 48 95<\/b><\/span><\/p>\n<p style=\"color: #000000; text-transform: none; text-indent: 0px; letter-spacing: normal; word-spacing: 0px; white-space: normal; widows: 1; background-color: #ffffff; -webkit-text-stroke-width: 0px;\" align=\"center\"><span style=\"color: #000000; font-size: medium;\"><span style=\"font-family: Verdana;\"><em><b>par mail<span class=\"Apple-converted-space\"><span style=\"color: #000000;\">&nbsp;<\/span><\/span><\/b><\/em><b>:<span class=\"Apple-converted-space\"><span style=\"color: #000000;\">&nbsp;<\/span><\/span><\/b><\/span><\/span><a href=\"mailto:chambre.etudiant01@orange.fr\"><span style=\"color: #ff0000; font-family: Verdana; font-size: medium;\"><b>chambre.etudiant01@orange.fr<\/b><\/span><\/a><\/p>\n<p style=\"color: #000000; text-transform: none; text-indent: 0px; letter-spacing: normal; word-spacing: 0px; white-space: normal; widows: 1; background-color: #ffffff; -webkit-text-stroke-width: 0px;\" align=\"center\"><span style=\"color: #000000; font-family: Verdana; font-size: medium;\"><span style=\"font-family: Verdana;\"><em><b>par courrier<span class=\"Apple-converted-space\"><span style=\"color: #000000;\">&nbsp;<\/span><\/span><\/b><\/em><b>: SAS MC IMMOBILIER &#8211; 12 avenue de Bad Kreuznach &#8211; 01000 Bourg-en-Bresse<\/b><\/span><\/span><\/p>\n<p><iframe loading=\"lazy\" style=\"border: 0; margin: auto; display: block;\" tabindex=\"0\" src=\"https:\/\/www.google.com\/maps\/embed?pb=!1m18!1m12!1m3!1d2760.8816405705597!2d5.2396481158460935!3d46.212809479116885!2m3!1f0!2f0!3f0!3m2!1i1024!2i768!4f13.1!3m3!1m2!1s0x47f3524f720f663f%3A0x5e5157853663e869!2s12%20Avenue%20de%20Bad%20Kreuznach%2C%2001000%20Bourg-en-Bresse!5e0!3m2!1sfr!2sfr!4v1593439924950!5m2!1sfr!2sfr\" width=\"450\" height=\"300\" frameborder=\"0\" allowfullscreen=\"allowfullscreen\" aria-hidden=\"false\"><\/iframe><br \/>\n<span style=\"color: #000000; text-transform: none; text-indent: 0px; letter-spacing: normal; word-spacing: 0px; float: none; display: inline !important; white-space: normal; widows: 1; background-color: #ffffff; -webkit-text-stroke-width: 0px;\">SAS MC IMMOBILIER &#8211; RCS 853 603 330 00012 &#8211; 6420Z &#8211; locations de logements<\/span><\/p>\n<p>site heberg\u00e9 par OVH<\/p>\n","protected":false},"excerpt":{"rendered":"<p>N&rsquo;h\u00e9sitez pas \u00e0 nous contacter&nbsp; &nbsp;Mathilde V\u00c9RON-GOYET &amp; Christian GOYET de 9 H \u00e0 12 H et de 14 H \u00e0 18&nbsp; H du lundi au vendredi. 06 21 29 34 66 ou 04 74&nbsp;23 48 95 par mail&nbsp;:&nbsp;chambre.etudiant01@orange.fr par courrier&nbsp;: SAS MC IMMOBILIER &#8211; 12 avenue de Bad Kreuznach\u2026<\/p>\n<p> <a class=\"continue-reading-link\" href=\"https:\/\/lefournilogement.fr\/?page_id=8\"><span>Continue reading<\/span><i class=\"crycon-right-dir\"><\/i><\/a> <\/p>\n","protected":false},"author":1,"featured_media":0,"parent":0,"menu_order":0,"comment_status":"closed","ping_status":"closed","template":"","meta":{"_exactmetrics_skip_tracking":false,"_exactmetrics_sitenote_active":false,"_exactmetrics_sitenote_note":"","_exactmetrics_sitenote_category":0,"ngg_post_thumbnail":0,"footnotes":""},"class_list":["post-8","page","type-page","status-publish","hentry"],"yoast_head":"<!-- This site is optimized with the Yoast SEO plugin v27.5 - https:\/\/yoast.com\/product\/yoast-seo-wordpress\/ -->\n<title>MC IMMOBILIER - logements meubl\u00e9s sur Bourg-en-Bresse<\/title>\n<meta name=\"description\" content=\"Logements meubl\u00e9s pour \u00e9tudiants \u00e0 proximit\u00e9 de l&#039;IUT et de l&#039;\u00e9cole de Commerce \u00e0 Alimentec \u00e0 Bourg-en-Bresse dans l&#039;ain.\" \/>\n<meta name=\"robots\" content=\"index, follow, max-snippet:-1, max-image-preview:large, max-video-preview:-1\" \/>\n<link rel=\"canonical\" href=\"http:\/\/lefournilogement.fr\/?page_id=8\" \/>\n<meta property=\"og:locale\" content=\"fr_FR\" \/>\n<meta property=\"og:type\" content=\"article\" \/>\n<meta property=\"og:title\" content=\"MC IMMOBILIER - logements meubl\u00e9s sur Bourg-en-Bresse\" \/>\n<meta property=\"og:description\" content=\"Logements meubl\u00e9s pour \u00e9tudiants \u00e0 proximit\u00e9 de l&#039;IUT et de l&#039;\u00e9cole de Commerce \u00e0 Alimentec \u00e0 Bourg-en-Bresse dans l&#039;ain.\" \/>\n<meta property=\"og:url\" content=\"http:\/\/lefournilogement.fr\/?page_id=8\" \/>\n<meta property=\"og:site_name\" content=\"Lefournilogement\" \/>\n<meta property=\"article:modified_time\" content=\"2024-09-12T11:54:24+00:00\" \/>\n<meta name=\"twitter:card\" content=\"summary_large_image\" \/>\n<meta name=\"twitter:label1\" content=\"Dur\u00e9e de lecture estim\u00e9e\" \/>\n\t<meta name=\"twitter:data1\" content=\"1 minute\" \/>\n<script type=\"application\/ld+json\" class=\"yoast-schema-graph\">{\"@context\":\"https:\\\/\\\/schema.org\",\"@graph\":[{\"@type\":\"WebPage\",\"@id\":\"http:\\\/\\\/lefournilogement.fr\\\/?page_id=8\",\"url\":\"http:\\\/\\\/lefournilogement.fr\\\/?page_id=8\",\"name\":\"MC IMMOBILIER - logements meubl\u00e9s sur Bourg-en-Bresse\",\"isPartOf\":{\"@id\":\"https:\\\/\\\/lefournilogement.fr\\\/#website\"},\"datePublished\":\"2016-06-27T09:07:54+00:00\",\"dateModified\":\"2024-09-12T11:54:24+00:00\",\"description\":\"Logements meubl\u00e9s pour \u00e9tudiants \u00e0 proximit\u00e9 de l'IUT et de l'\u00e9cole de Commerce \u00e0 Alimentec \u00e0 Bourg-en-Bresse dans l'ain.\",\"breadcrumb\":{\"@id\":\"http:\\\/\\\/lefournilogement.fr\\\/?page_id=8#breadcrumb\"},\"inLanguage\":\"fr-FR\",\"potentialAction\":[{\"@type\":\"ReadAction\",\"target\":[\"http:\\\/\\\/lefournilogement.fr\\\/?page_id=8\"]}]},{\"@type\":\"BreadcrumbList\",\"@id\":\"http:\\\/\\\/lefournilogement.fr\\\/?page_id=8#breadcrumb\",\"itemListElement\":[{\"@type\":\"ListItem\",\"position\":1,\"name\":\"Accueil\",\"item\":\"https:\\\/\\\/lefournilogement.fr\\\/\"},{\"@type\":\"ListItem\",\"position\":2,\"name\":\"Contact\"}]},{\"@type\":\"WebSite\",\"@id\":\"https:\\\/\\\/lefournilogement.fr\\\/#website\",\"url\":\"https:\\\/\\\/lefournilogement.fr\\\/\",\"name\":\"Lefournilogement\",\"description\":\"logement \u00e9tudiant \u00e0 Bourg-en-Bresse\",\"potentialAction\":[{\"@type\":\"SearchAction\",\"target\":{\"@type\":\"EntryPoint\",\"urlTemplate\":\"https:\\\/\\\/lefournilogement.fr\\\/?s={search_term_string}\"},\"query-input\":{\"@type\":\"PropertyValueSpecification\",\"valueRequired\":true,\"valueName\":\"search_term_string\"}}],\"inLanguage\":\"fr-FR\"}]}<\/script>\n<!-- \/ Yoast SEO plugin. -->","yoast_head_json":{"title":"MC IMMOBILIER - logements meubl\u00e9s sur Bourg-en-Bresse","description":"Logements meubl\u00e9s pour \u00e9tudiants \u00e0 proximit\u00e9 de l'IUT et de l'\u00e9cole de Commerce \u00e0 Alimentec \u00e0 Bourg-en-Bresse dans l'ain.","robots":{"index":"index","follow":"follow","max-snippet":"max-snippet:-1","max-image-preview":"max-image-preview:large","max-video-preview":"max-video-preview:-1"},"canonical":"http:\/\/lefournilogement.fr\/?page_id=8","og_locale":"fr_FR","og_type":"article","og_title":"MC IMMOBILIER - logements meubl\u00e9s sur Bourg-en-Bresse","og_description":"Logements meubl\u00e9s pour \u00e9tudiants \u00e0 proximit\u00e9 de l'IUT et de l'\u00e9cole de Commerce \u00e0 Alimentec \u00e0 Bourg-en-Bresse dans l'ain.","og_url":"http:\/\/lefournilogement.fr\/?page_id=8","og_site_name":"Lefournilogement","article_modified_time":"2024-09-12T11:54:24+00:00","twitter_card":"summary_large_image","twitter_misc":{"Dur\u00e9e de lecture estim\u00e9e":"1 minute"},"schema":{"@context":"https:\/\/schema.org","@graph":[{"@type":"WebPage","@id":"http:\/\/lefournilogement.fr\/?page_id=8","url":"http:\/\/lefournilogement.fr\/?page_id=8","name":"MC IMMOBILIER - logements meubl\u00e9s sur Bourg-en-Bresse","isPartOf":{"@id":"https:\/\/lefournilogement.fr\/#website"},"datePublished":"2016-06-27T09:07:54+00:00","dateModified":"2024-09-12T11:54:24+00:00","description":"Logements meubl\u00e9s pour \u00e9tudiants \u00e0 proximit\u00e9 de l'IUT et de l'\u00e9cole de Commerce \u00e0 Alimentec \u00e0 Bourg-en-Bresse dans l'ain.","breadcrumb":{"@id":"http:\/\/lefournilogement.fr\/?page_id=8#breadcrumb"},"inLanguage":"fr-FR","potentialAction":[{"@type":"ReadAction","target":["http:\/\/lefournilogement.fr\/?page_id=8"]}]},{"@type":"BreadcrumbList","@id":"http:\/\/lefournilogement.fr\/?page_id=8#breadcrumb","itemListElement":[{"@type":"ListItem","position":1,"name":"Accueil","item":"https:\/\/lefournilogement.fr\/"},{"@type":"ListItem","position":2,"name":"Contact"}]},{"@type":"WebSite","@id":"https:\/\/lefournilogement.fr\/#website","url":"https:\/\/lefournilogement.fr\/","name":"Lefournilogement","description":"logement \u00e9tudiant \u00e0 Bourg-en-Bresse","potentialAction":[{"@type":"SearchAction","target":{"@type":"EntryPoint","urlTemplate":"https:\/\/lefournilogement.fr\/?s={search_term_string}"},"query-input":{"@type":"PropertyValueSpecification","valueRequired":true,"valueName":"search_term_string"}}],"inLanguage":"fr-FR"}]}},"_links":{"self":[{"href":"https:\/\/lefournilogement.fr\/index.php?rest_route=\/wp\/v2\/pages\/8","targetHints":{"allow":["GET"]}}],"collection":[{"href":"https:\/\/lefournilogement.fr\/index.php?rest_route=\/wp\/v2\/pages"}],"about":[{"href":"https:\/\/lefournilogement.fr\/index.php?rest_route=\/wp\/v2\/types\/page"}],"author":[{"embeddable":true,"href":"https:\/\/lefournilogement.fr\/index.php?rest_route=\/wp\/v2\/users\/1"}],"replies":[{"embeddable":true,"href":"https:\/\/lefournilogement.fr\/index.php?rest_route=%2Fwp%2Fv2%2Fcomments&post=8"}],"version-history":[{"count":17,"href":"https:\/\/lefournilogement.fr\/index.php?rest_route=\/wp\/v2\/pages\/8\/revisions"}],"predecessor-version":[{"id":1331,"href":"https:\/\/lefournilogement.fr\/index.php?rest_route=\/wp\/v2\/pages\/8\/revisions\/1331"}],"wp:attachment":[{"href":"https:\/\/lefournilogement.fr\/index.php?rest_route=%2Fwp%2Fv2%2Fmedia&parent=8"}],"curies":[{"name":"wp","href":"https:\/\/api.w.org\/{rel}","templated":true}]}}

<p style="color: #000000; text-transform: none; text-indent: 0px; letter-spacing: normal; word-spacing: 0px; white-space: normal; widows: 1; background-color: #ffffff; -webkit-text-stroke-width: 0px;" align="center"><span style="color: #000000; font-family: Verdana; font-size: large;"><b>N&rsquo;hésitez pas à nous contacter&nbsp;</b></span></p>
<p style="color: #000000; text-transform: none; text-indent: 0px; letter-spacing: normal; word-spacing: 0px; white-space: normal; widows: 1; background-color: #ffffff; -webkit-text-stroke-width: 0px;" align="center"><span style="color: #7a4b43; font-family: Verdana; font-size: x-large;"><b>&nbsp;Mathilde VÉRON-GOYET </b></span><span style="color: #7a4b43; font-family: Verdana; font-size: x-large;"><b>&amp; Christian GOYET</b></span></p>
<p style="color: #000000; text-transform: none; text-indent: 0px; letter-spacing: normal; word-spacing: 0px; white-space: normal; widows: 1; background-color: #ffffff; -webkit-text-stroke-width: 0px;" align="center"><span style="color: #000000; font-family: Verdana; font-size: medium;"><b>de 9 H à 12 H et de 14 H à 18&nbsp; H </b></span><strong>du lundi au vendredi.</strong></p>
<p style="color: #000000; text-transform: none; text-indent: 0px; letter-spacing: normal; word-spacing: 0px; white-space: normal; widows: 1; background-color: #ffffff; -webkit-text-stroke-width: 0px;" align="center"><span style="color: #000000; font-family: Verdana; font-size: x-large;"><b>06 21 29 34 66</b></span></p>
<p style="color: #000000; text-transform: none; text-indent: 0px; letter-spacing: normal; word-spacing: 0px; white-space: normal; widows: 1; background-color: #ffffff; -webkit-text-stroke-width: 0px;" align="center"><span style="color: #000000; font-family: Verdana; font-size: medium;"><b>ou</b></span></p>
<p style="color: #000000; text-transform: none; text-indent: 0px; letter-spacing: normal; word-spacing: 0px; white-space: normal; widows: 1; background-color: #ffffff; -webkit-text-stroke-width: 0px;" align="center"><span style="color: #000000; font-family: Verdana; font-size: x-large;"><b>04 74&nbsp;23 48 95</b></span></p>
<p style="color: #000000; text-transform: none; text-indent: 0px; letter-spacing: normal; word-spacing: 0px; white-space: normal; widows: 1; background-color: #ffffff; -webkit-text-stroke-width: 0px;" align="center"><span style="color: #000000; font-size: medium;"><span style="font-family: Verdana;"><em><b>par mail<span class="Apple-converted-space"><span style="color: #000000;">&nbsp;</span></span></b></em><b>:<span class="Apple-converted-space"><span style="color: #000000;">&nbsp;</span></span></b></span></span><a href="mailto:chambre.etudiant01@orange.fr"><span style="color: #ff0000; font-family: Verdana; font-size: medium;"><b>chambre.etudiant01@orange.fr</b></span></a></p>
<p style="color: #000000; text-transform: none; text-indent: 0px; letter-spacing: normal; word-spacing: 0px; white-space: normal; widows: 1; background-color: #ffffff; -webkit-text-stroke-width: 0px;" align="center"><span style="color: #000000; font-family: Verdana; font-size: medium;"><span style="font-family: Verdana;"><em><b>par courrier<span class="Apple-converted-space"><span style="color: #000000;">&nbsp;</span></span></b></em><b>: SAS MC IMMOBILIER &#8211; 12 avenue de Bad Kreuznach &#8211; 01000 Bourg-en-Bresse</b></span></span></p>
<p><iframe loading="lazy" style="border: 0; margin: auto; display: block;" tabindex="0" src="https://www.google.com/maps/embed?pb=!1m18!1m12!1m3!1d2760.8816405705597!2d5.2396481158460935!3d46.212809479116885!2m3!1f0!2f0!3f0!3m2!1i1024!2i768!4f13.1!3m3!1m2!1s0x47f3524f720f663f%3A0x5e5157853663e869!2s12%20Avenue%20de%20Bad%20Kreuznach%2C%2001000%20Bourg-en-Bresse!5e0!3m2!1sfr!2sfr!4v1593439924950!5m2!1sfr!2sfr" width="450" height="300" frameborder="0" allowfullscreen="allowfullscreen" aria-hidden="false"></iframe><br />
<span style="color: #000000; text-transform: none; text-indent: 0px; letter-spacing: normal; word-spacing: 0px; float: none; display: inline !important; white-space: normal; widows: 1; background-color: #ffffff; -webkit-text-stroke-width: 0px;">SAS MC IMMOBILIER &#8211; RCS 853 603 330 00012 &#8211; 6420Z &#8211; locations de logements</span></p>
<p>site hebergé par OVH</p>

<p>N&rsquo;hésitez pas à nous contacter&nbsp; &nbsp;Mathilde VÉRON-GOYET &amp; Christian GOYET de 9 H à 12 H et de 14 H à 18&nbsp; H du lundi au vendredi. 06 21 29 34 66 ou 04 74&nbsp;23 48 95 par mail&nbsp;:&nbsp;chambre.etudiant01@orange.fr par courrier&nbsp;: SAS MC IMMOBILIER &#8211; 12 avenue de Bad Kreuznach…</p>
<p> <a class="continue-reading-link" href="https://lefournilogement.fr/?page_id=8"><span>Continue reading</span><i class="crycon-right-dir"></i></a> </p>

<!-- This site is optimized with the Yoast SEO plugin v27.5 - https://yoast.com/product/yoast-seo-wordpress/ -->
<title>MC IMMOBILIER - logements meublés sur Bourg-en-Bresse</title>
<meta name="description" content="Logements meublés pour étudiants à proximité de l&#039;IUT et de l&#039;école de Commerce à Alimentec à Bourg-en-Bresse dans l&#039;ain." />
<meta name="robots" content="index, follow, max-snippet:-1, max-image-preview:large, max-video-preview:-1" />
<link rel="canonical" href="http://lefournilogement.fr/?page_id=8" />
<meta property="og:locale" content="fr_FR" />
<meta property="og:type" content="article" />
<meta property="og:title" content="MC IMMOBILIER - logements meublés sur Bourg-en-Bresse" />
<meta property="og:description" content="Logements meublés pour étudiants à proximité de l&#039;IUT et de l&#039;école de Commerce à Alimentec à Bourg-en-Bresse dans l&#039;ain." />
<meta property="og:url" content="http://lefournilogement.fr/?page_id=8" />
<meta property="og:site_name" content="Lefournilogement" />
<meta property="article:modified_time" content="2024-09-12T11:54:24+00:00" />
<meta name="twitter:card" content="summary_large_image" />
<meta name="twitter:label1" content="Durée de lecture estimée" />
	<meta name="twitter:data1" content="1 minute" />
<script type="application/ld+json" class="yoast-schema-graph">{"@context":"https:\/\/schema.org","@graph":[{"@type":"WebPage","@id":"http:\/\/lefournilogement.fr\/?page_id=8","url":"http:\/\/lefournilogement.fr\/?page_id=8","name":"MC IMMOBILIER - logements meublés sur Bourg-en-Bresse","isPartOf":{"@id":"https:\/\/lefournilogement.fr\/#website"},"datePublished":"2016-06-27T09:07:54+00:00","dateModified":"2024-09-12T11:54:24+00:00","description":"Logements meublés pour étudiants à proximité de l'IUT et de l'école de Commerce à Alimentec à Bourg-en-Bresse dans l'ain.","breadcrumb":{"@id":"http:\/\/lefournilogement.fr\/?page_id=8#breadcrumb"},"inLanguage":"fr-FR","potentialAction":[{"@type":"ReadAction","target":["http:\/\/lefournilogement.fr\/?page_id=8"]}]},{"@type":"BreadcrumbList","@id":"http:\/\/lefournilogement.fr\/?page_id=8#breadcrumb","itemListElement":[{"@type":"ListItem","position":1,"name":"Accueil","item":"https:\/\/lefournilogement.fr\/"},{"@type":"ListItem","position":2,"name":"Contact"}]},{"@type":"WebSite","@id":"https:\/\/lefournilogement.fr\/#website","url":"https:\/\/lefournilogement.fr\/","name":"Lefournilogement","description":"logement étudiant à Bourg-en-Bresse","potentialAction":[{"@type":"SearchAction","target":{"@type":"EntryPoint","urlTemplate":"https:\/\/lefournilogement.fr\/?s={search_term_string}"},"query-input":{"@type":"PropertyValueSpecification","valueRequired":true,"valueName":"search_term_string"}}],"inLanguage":"fr-FR"}]}</script>
<!-- / Yoast SEO plugin. -->

MC IMMOBILIER - logements meublés sur Bourg-en-Bresse

Logements meublés pour étudiants à proximité de l'IUT et de l'école de Commerce à Alimentec à Bourg-en-Bresse dans l'ain.

logement étudiant à Bourg-en-Bresse
